1/((4 - 1)/(-6))*2. Suppose 3*p - 9 = 0, z + 21 = 4*p + 3. What is the units digit of (z/(-12))/((-2)/o)?
1
Let h(r) = -5*r + 29. Let o be h(5). Suppose -4*l + i = -l - 329, 210 = 2*l + o*i. What is the tens digit of l?
0
Suppose -13*p = -10335 - 8970. What is the hundreds digit of p?
4
What is the tens digit of 2635 - (3 + (-18)/6)/1?
3
What is the units digit of ((4 - 2) + -1088)/(78/(-52))?
4
Let r(q) be the third derivative of -5*q**4/24 - 8*q**3/3 - 14*q**2. What is the tens digit of r(-13)?
4
Suppose -4064 = -8*h + 248. What is the units digit of h?
9
Let b = 294 - -188. What is the hundreds digit of b?
4
Suppose -2*z - 2*u = -7*u - 4145, 2*u = 3*z - 6190. What is the thousands digit of z?
2
Suppose 21 = -2*g - 67. Let p = 127 + g. What is the tens digit of p?
8
What is the units digit of (-5 - 34)/((-6)/58)?
7
Suppose 1 = 15*q + 16. What is the units digit of 36 - 2*(q + (-9)/(-6))?
5
Suppose 6*s - 9*s - 36 = 0. Let r be (-3)/(-1)*(s - -13). Suppose -t - 2*q = -11, t + 10 = 2*t + r*q. What is the tens digit of t?
1
Let i(d) = -16*d**2 - 10*d + 5. Let k(p) = p**2 - p. Let b(n) = -i(n) + 5*k(n). What is the tens digit of b(-3)?
6
Suppose -22*l + 52273 = -9*l. What is the tens digit of l?
2
Let n = 665 + -371. Let t = n + -51. What is the units digit of t/45 + (-2)/5?
5
Suppose 3*b + 0*b + 2*d + 19 = 0, d + 7 = -b. What is the units digit of 5/b*32/(-2)?
6
Let a = -8 + 11. Let r be a - (-3 - -3)/1. Let v(d) = d**3 - d - 1. What is the tens digit of v(r)?
2
Suppose 2*h + 6 = 0, -8 = 3*m - 3*h + 4. Let n(k) = k - 5. Let w be n(7). What is the units digit of (-12)/3 + w - m?
5
Suppose 4*u - 4 = 0, 6*u - 6098 = -5*t + 3*u. What is the tens digit of t?
1
Let o = -445 - -726. Suppose -h = -2*d + 16 + 255, -h + o = 2*d. What is the hundreds digit of d?
1
Suppose -2*f + 733 = 5*s, -3*s + 0*s + 3*f + 444 = 0. Suppose -y - 18 - 20 = -l, 4*l - 5*y = s. What is the units digit of l?
3
Let l = 254 - -44. What is the tens digit of l?
9
Let d = -4 + 8. What is the units digit of (5/15 - 1)/(d/(-246))?
1
Suppose 0 = -3*b - 451 - 491. Let f = b - -207. Let t = f + 179. What is the tens digit of t?
7
Suppose -2*y + 984 = -0. Suppose 4*v - y = -3*o - 199, o - 111 = 2*v. What is the units digit of o?
3
Suppose -3*t + 500 = 5*q, -2*t + 65 - 249 = -2*q. Suppose -3*g + 251 + q = 0. What is the units digit of g?
6
Let p be 143/(-39) + 1/(-3). Let l(h) = -2*h**3 + 6*h**2 + 9*h + 7. What is the units digit of l(p)?
5
Suppose -3*g + b + 31 = -16, g - 7 = -4*b. Let s = 61 - g. What is the units digit of 2/8 + s/8?
6
Let s = -10 + 10. Suppose -3*m - 2*m = -5*q - 25, s = -4*m + 3*q + 17. Suppose -5*o = -y - 0*y - 43, -m*o = -3*y - 12. What is the units digit of o?
9
Let g be (122/(-3))/((-6)/9). Let c = g + -3. What is the units digit of c?
8
Let z(c) = c**2 - 3*c. Let i be z(-1). Suppose 0 = -v + i + 46. What is the tens digit of v?
5
Let m = -176 + 254. What is the units digit of m?
8
Let q = -836 - -1495. What is the hundreds digit of q?
6
Suppose 4864 = -o + 5*o. What is the tens digit of o/40 - 6/15?
3
Let s(y) = y**3 + 5*y**2 - 14*y - 6. What is the hundreds digit of s(8)?
7
Let t(g) = 2 + 29*g + 8 + 2 - 8*g. What is the tens digit of t(3)?
7
Let i = -674 + 1727. What is the units digit of i?
3
What is the tens digit of ((-2)/(-6))/((16/(-2634))/(-8))?
3
Let x = -1183 - -6675. What is the tens digit of x?
9
Let z(f) be the second derivative of -f**3/6 + 7*f**2 + 3*f. Let b be z(-8). Suppose 0 = -r - 4*m + b + 15, m - 88 = -4*r. What is the tens digit of r?
2
Let w(x) = 3*x**2 + x - 4. Let z(a) = a + 1. Let v(r) = w(r) + 2*z(r). Let c be v(-3). Let h = -5 + c. What is the units digit of h?
1
Let b be ((-3)/5)/((-3)/15). Let z be b/((3*-3)/(-3)). What is the units digit of ((-36)/(-60))/(z/25)?
5
Suppose 15967 - 117697 = -30*c. What is the thousands digit of c?
3
Let s be (-7)/9 - -4 - (-4)/(-18). Suppose 3*d = -s*q + 246, -d + 82 = -2*q + q. What is the units digit of d?
2
Let r = -1 - -6. Suppose i = -d + 10, -i = 2*d - r*i - 8. What is the units digit of d?
8
Let u(t) = t**3 - 4*t**2 - 5*t. Let v be u(5). Let n(a) = 8*a - 104. Let w be n(13). Suppose v = y - w*y - 10. What is the tens digit of y?
1
Let v be 4/7 + (-24690)/(-35). What is the tens digit of 18/(-81) - v/(-18)?
3
Suppose -143*n + 140*n = -6294. What is the tens digit of n?
9
Let s(q) = -11 - 4*q + 12*q**2 - 4*q**2 - 7*q**2. Let f be s(8). Suppose -3*t - f = -132. What is the tens digit of t?
3
Let m = -1150 - -2752. What is the units digit of m?
2
Suppose 41 + 13 = 2*j. Let d = j + -24. What is the units digit of d?
3
Let h(t) = 4*t**2 + 4*t - 7. Let u be h(4). Let a = 12 + u. What is the tens digit of a?
8
Let r(w) = 4*w - 15. Let x be r(-9). Let s = 14 - x. What is the tens digit of s?
6
What is the units digit of (-3647)/14*(-2 + (3 - 3))?
1
Let t(k) = 9*k**2 + k - 1. Let g be t(1). What is the units digit of (12/5)/(g/210)?
6
Let x = -295 + 985. What is the tens digit of x?
9
Let a be (56/(-12) + 3)*-3. Suppose 3*w = a*p + 2*w - 21, -3*p - 4*w = -31. Suppose 9*g = p*g + 80. What is the tens digit of g?
2
Let z(w) = 117*w**3 + 3*w**2 - 3*w + 2. What is the hundreds digit of z(2)?
9
Let b(h) = 23*h + 20. What is the tens digit of b(20)?
8
Let s(v) = -2*v**3 + 6*v**2 - 7*v - 11. What is the tens digit of s(-6)?
7
Let x be ((-2)/8 + (-45)/60)*-114. Suppose 113*r + 288 = x*r. What is the units digit of r?
8
Let r be 2*(0 + 2) + 0. Suppose -157 = -r*d + 115. What is the units digit of d?
8
Let g(b) = -1 + 11*b - 21*b - 14*b. Suppose -5 + 7 = -2*d. What is the units digit of g(d)?
3
What is the tens digit of 2518/6 + (-207)/27 + 8?
2
Let h be 2 + -1 - (0 + -1). Let v be 1*(-1)/h*0. Suppose v = 8*p - 4*p - 48. What is the tens digit of p?
1
Let z be 0 - 3 - (1 - 7). Suppose 26 = z*v + 4*h, 2*v = 5*v - 4*h - 10. Let d = v + 3. What is the units digit of d?
9
Suppose -12*i - 2842 = -11110. What is the tens digit of i?
8
Suppose 2960 = -454*a + 456*a. What is the tens digit of a?
8
Suppose -g - z + 3*z + 114 = 0, g + 2*z = 106. What is the tens digit of g?
1
Suppose 0 = -111*n + 98*n + 64415. What is the thousands digit of n?
4
Let t be 2/13 - 12825/(-39). Suppose -7*x + 2*x = 2*d - t, 5*d + 15 = 0. What is the units digit of x?
7
Suppose 4*x - 3 - 5 = 0. Let h(f) = -1 + f**x + 25*f**2 + 20*f**2. What is the tens digit of h(-1)?
4
Suppose -3*x + 8333 = 4*p + 441, 3*p - 13135 = -5*x. What is the tens digit of x?
2
Suppose -7*f - 320 = 212. What is the units digit of 95/f - 986/(-8)?
2
Suppose -360180 = -79*n - 37*n. What is the hundreds digit of n?
1
Suppose -5*q + 18 = -14*q. What is the tens digit of (285/9)/(q/(-6))?
9
Suppose -20*u + 12432 = 752. What is the tens digit of u?
8
Let x(o) = -o**2 + 18*o + 232. What is the hundreds digit of x(18)?
2
Suppose -3*w + 40 = w. Suppose 201 = w*v - 7*v. Let p = v - 38. What is the tens digit of p?
2
Let c = -753 - -1221. What is the hundreds digit of c?
4
What is the thousands digit of 6 + -6 - (7 + -1290)?
1
Suppose 2*f = 9*f - 1015. What is the units digit of 0/2 - ((-3 - f) + -1)?
9
Let z be 4 - (7 - 3)*(-1)/(-4). Suppose 0*x = z*a - 3*x - 576, -5*x - 773 = -4*a. What is the tens digit of a?
8
Suppose -u + 3*x = -87, -3*x + 217 = 3*u - x. Suppose -5*g + 4*t + 38 + 342 = 0, -t = -g + u. What is the tens digit of g?
8
Suppose 3*b = -3*u - 9, -b + 3 = -2*u - 0*b. What is the tens digit of (-4 + (-132)/(-18))*(-18)/u?
3
Let d = 27 - 181. What is the units digit of ((-5)/6 - 3/(-9))*d?
7
What is the hundreds digit of 3*(6 - 7)*(-11452)/21?
6
Suppose w + 4*w = -560. Let o = -22 - w. Let t = o - 60. What is the units digit of t?
0
Suppose 10 = -2*s, 0 = -d - 4*s - 1. Suppose 3*n = t - 0*t + 8, -2*t + 5*n = 12. What is the units digit of t*(-4)/(-16)*d?
9
Let q = -198 + 405. What is the tens digit of q?
0
Let p = -132 - -166. What is the tens digit of p?
3
Let w(s) = -4*s**2 + 2*s**2 + 8*s**3 + 2 - s**2 + 2*s + 3*s**3. What is the units digit of w(2)?
2
Let w(q) = -q**2 + 22*q - 12. Let m be w(11). Let p = m + 77. What is the tens digit of (p/(-9))/((-2)/3)?
3
Suppose -2*g - 82 = 3*g - 4*y, -g - y = 20. Let k(o) = -4*o + 45. What is the tens digit of k(g)?
1
Suppose -6 = -o - o. Suppose -224 = a - o*a. What is the units digit of a?
2
What is the hundreds digit of 